
Let n be 5 - 2/((-6)/(-9)). Suppose -5*f + 2*t + n*t = -8, 0 = 5*f + t - 23. Is 4 a factor of f?
True
Suppose -t + g + 5 = -4*t, 25 = -3*t - 5*g. Suppose 4*p = -3*j - 4, -j = -2*p - 2 - t. Suppose 3*v = -0*v - 3*b + 42, -3*v + 5*b + 42 = j. Does 7 divide v?
True
Suppose -6*z = 4*z - 250. Is 4 a factor of z?
False
Suppose -3 = 3*g - 6*g, -p + 5*g + 44 = 0. Let t = p - 21. Is t a multiple of 14?
True
Suppose 6 + 29 = -5*t. Let c = -6 - t. Suppose 0*q + q - 4*l - 19 = 0, -4*l = 5*q + c. Is 3 a factor of q?
True
Let f be (-54)/(-10) + (-4)/10. Suppose 0 = -k + f*g + 17, -k + 0*g + 11 = -3*g. Let s(p) = 2*p**2 + 2*p. Is s(k) a multiple of 12?
True
Let c(s) = s**3 - 6*s**2 + 8*s - 8. Let f be c(6). Suppose 5*t = -3*k + 7*k - 53, 4*t = 3*k - f. Is k a multiple of 5?
False
Let b(n) = -53*n. Let d be b(-1). Let v = d - -10. Is v a multiple of 17?
False
Let l = 513 - 274. Is 38 a factor of l?
False
Suppose -4*o - 120 = -3*m, -m - 23 = 4*o - 63. Does 19 divide m?
False
Let h = -17 - -19. Does 13 divide (2 - 1)/(h/26)?
True
Let f = 5 + -18. Let p = f + 21. Is p a multiple of 4?
True
Let b be (-2 + -5)*12/14. Let d(k) = k**3 + 7*k**2 + 6. Does 21 divide d(b)?
True
Does 16 divide 4 - (-2*11 - 3)?
False
Let l(b) = 2*b**2 + 4. Suppose -2*s - 9 = s. Is 11 a factor of l(s)?
True
Suppose -43 = -2*t - 5*d, -2*t + t + 4*d = -41. Suppose t = -2*k + 9. Let s = k + 19. Is s a multiple of 5?
False
Let z = -36 - -62. Let l = 42 - z. Is 6 a factor of l?
False
Suppose 2*r + 2*r - 156 = 0. Suppose -r - 23 = p. Let g = p + 88. Is 11 a factor of g?
False
Let d = -14 + 19. Suppose d*n - 108 = -4*u + u, 39 = 2*n - 3*u. Does 8 divide n?
False
Suppose 0 = 5*f + 7 - 22. Let v(b) = -2*b - 10 + 11 - f*b + b**2 + b. Is 13 a factor of v(6)?
True
Let c = -12 + 36. Is 24 a factor of c?
True
Is (-1)/(1/(-30))*(-88)/(-110) a multiple of 8?
True
Let j(o) = -2*o - 6. Suppose -2*h + 0*n - 14 = 5*n, 2*h - 5*n = -14. Let k be (-2)/7 - (-40)/h. Is 3 a factor of j(k)?
True
Let c(f) = 6*f**3 + f**2 - f. Let x be c(-2). Does 7 divide (x/9)/(2/(-6))?
True
Let s(x) = 37*x + 4. Let b be s(4). Let n = -100 + b. Is n a multiple of 15?
False
Is 294/35 + (-4)/10 a multiple of 4?
True
Let w(i) = -17*i - 20. Does 17 divide w(-9)?
False
Let u(h) = -h**3 + 7*h**2 + h - 3. Let x = 33 + 0. Suppose 0 = 4*m + 5 - x. Is 2 a factor of u(m)?
True
Suppose -17*b + 290 = -15*b. Is b a multiple of 11?
False
Let d(l) = 2*l**2 - 13*l + 9. Does 11 divide d(9)?
False
Suppose -j = -1 - 13. Is 7 a factor of j?
True
Suppose 4*n + 18 = -3*y, 1 = -3*y - 5. Let j be (-3)/n + -2 + -1. Is j/(7/((-1323)/6)) a multiple of 21?
True
Let t be (1 + -2)/((-2)/(-16)). Let v(c) = -c**2 - 18*c - 10. Does 12 divide v(t)?
False
Suppose 4*g = -565 + 3057. Is (-1)/(-3) + g/21 a multiple of 15?
True
Suppose y - 2*y - 12 = 0. Does 9 divide 234/8 + 3/y?
False
Let g = -216 - -315. Does 18 divide g?
False
Let f(b) = b**3 + 7*b**2 + 4*b + 2. Let i = 7 + -4. Suppose 5*n + 5 = s, -s - i*n + 2 = 13. Is 21 a factor of f(s)?
False
Let z(a) = -a**2 - 9*a + 8. Let j be (3 - 1)/(-2) + -6. Is z(j) a multiple of 9?
False
Let v = 221 - 88. Is 12 a factor of v?
False
Let r = -8 + 15. Let c(z) = -z**2 + z + 9. Let b be c(r). Is b/(-2) + (-2)/4 a multiple of 6?
False
Is 20 a factor of -4 + 2 + (61 - -1)?
True
Let i(k) = 35*k**2 + 3. Let t(x) = 53*x**2 + 5. Let f(v) = 8*i(v) - 5*t(v). Does 13 divide f(1)?
False
Suppose -5*b + s = -169, 0 = -b + 3*s - s + 32. Does 7 divide b?
False
Let p(i) be the third derivative of -i**4/8 - i**3 - 4*i**2. Is p(-8) a multiple of 6?
True
Let g be (-105)/(-6) + 1/(-2). Suppose -1 = 3*n + 35. Let d = n + g. Does 3 divide d?
False
Let f = -98 + 118. Is 2 a factor of f?
True
Let c = -121 - -172. Is c a multiple of 4?
False
Let x(y) = -y**2 + 7*y + 8. Let o be x(7). Let p = o - 5. Suppose 14 = -2*u + p*u. Is u a multiple of 9?
False
Let u(l) = 8 - l**2 + l + 2*l**2 + 0*l**2. Let b be u(0). Suppose 3*f + 24 = 4*c + f, 0 = -2*c + 3*f + b. Is c a multiple of 3?
False
Suppose q - 4*p = -18, p - 16 = -3*p. Does 15 divide (30/(-9))/(q/9)?
True
Suppose -2*k + 2*z + 28 = 0, 2*z - 10 = -2*k + 10. Is 4 a factor of k?
True
Let c(v) = v**2 + 3. Is c(3) a multiple of 4?
True
Suppose 0 = 53*u - 49*u - 644. Does 7 divide u?
True
Let l = 22 + 0. Does 6 divide (-1)/(-2) - l/(-4)?
True
Let c = 0 + 13. Is 6 a factor of c?
False
Let t(q) = -q**2 + q + 7. Let m be t(0). Let n(o) = 5*o + 4. Is n(m) a multiple of 25?
False
Suppose -3*m + 0*m = 0. Let n = 0 + m. Suppose -3*u + n = -69. Is u a multiple of 14?
False
Let r(b) = 19*b**2 + b - 1. Let p be r(-2). Suppose p = 2*u + 5*h, 4*h = -0*h + 12. Does 13 divide u?
False
Let q(n) = -4*n**3 + 5*n**3 - 7*n + 7*n + 4*n**2 + 4. Is q(-4) a multiple of 4?
True
Suppose r - 5*p - 14 - 8 = 0, 2*r + 4*p = -12. Does 3 divide 1 - r - (4 + -16)?
False
Suppose -2*j + 67 + 113 = 0. Let t = -48 + j. Let r = -27 + t. Is 12 a factor of r?
False
Let m = -16 + 96. Is 10 a factor of m?
True
Let d be 0*1/(-2)*-1. Suppose 0 = -2*h - d + 54. Does 27 divide h?
True
Suppose 4*o + 8 = 2*o. Does 8 divide (29/o)/(3/(-12))?
False
Let u = 15 - 8. Let c(n) = 4*n**2 + 6*n - 1. Let d(f) = 9*f**2 + 13*f - 1. Let r(z) = u*c(z) - 3*d(z). Is r(-7) a multiple of 12?
True
Let o = -94 + 164. Does 14 divide o?
True
Let c(h) = -9*h - 13. Is 7 a factor of c(-9)?
False
Let l = -186 - -263. Suppose s + 3*v = 11, -5*s = -0*v + 4*v - l. Does 5 divide s?
False
Suppose o - q - 11 = q, -o + q = -8. Suppose d = -d + 3*y + 61, -o*y = -3*d + 91. Does 11 divide d?
False
Let q(h) = 2*h - 6. Let a be 1 - (-6 - 0) - 1. Let u be q(a). Suppose 2*z + 32 = u*z. Is z a multiple of 8?
True
Suppose -f + 3*h = -48, 0 = -5*f - 2*h + h + 224. Is 11 a factor of f?
False
Suppose 0 = -v + 5 - 3. Suppose v*i - 54 = -i. Is i a multiple of 12?
False
Suppose 0 = r - 2 - 2. Suppose r*s = -0*s. Suppose n - 4 - 10 = s. Does 6 divide n?
False
Suppose 0*z + 2*z - 62 = 0. Let k be 3/2*130/(-15). Let t = z + k. Does 9 divide t?
True
Let q = 75 - 26. Does 30 divide q?
False
Let q(m) = m**3 - 14*m**2 + 5*m + 5. Does 25 divide q(14)?
True
Let x = 118 + -77. Is 41 a factor of x?
True
Let u be 40/12*(-3)/(-2). Suppose 5*i = -0*i - 10. Is (66/(-5))/(i/u) a multiple of 11?
True
Let s be (-1)/(-1)*-2 + -1. Let w be 24 + (-4)/(-6)*s. Suppose 3*o = 2*o + w. Is o a multiple of 11?
True
Suppose 4*c - 26 = 2. Suppose 0*x - c = -x. Is 7 a factor of x?
True
Let w(p) = 2 + 5*p - 6*p - p. Is 3 a factor of w(-3)?
False
Let b(n) = n**3 + 4*n**2 - 2*n - 2. Let j be b(-3). Suppose -j = -c + 39. Is c a multiple of 13?
True
Let a be 2/(-11) - (-1952)/88. Let p(j) = -j**2 + 4*j - 3. Let v be p(3). Suppose -4*y = -8, v = -r - 2*r - 2*y + a. Does 4 divide r?
False
Let f = -70 - -113. Is 3 a factor of f?
False
Let d(z) = 5 - z**3 - 5*z + 3 - 2 + 8*z**2. Suppose 2*r + 3*u + 1 = -0*u, -2*r + 19 = -u. Does 10 divide d(r)?
True
Let q = 0 + 9. Suppose -2*k + 2*g = -66, -k = 4*g + q - 27. Does 10 divide k?
True
Let o(h) = h**3 + 8*h**2 + 10*h + 2. Let k be o(-6). Let g = 5 + k. Does 19 divide g?
True
Let t(u) = 4*u + 18. Let z(k) = -2*k - 9. Let f(o) = 3*t(o) + 7*z(o). Does 3 divide f(-7)?
False
Suppose y - 3*j = -17 + 71, 0 = -y + 5*j + 60. Suppose 2*u + 65 = 7*u. Let w = y - u. Does 16 divide w?
True
Let u be (-8 + -2)*-1*12. Suppose u = 2*n + n. Suppose 2*k - n = -2*k. Is 5 a factor of k?
True
Let z = 47 - 21. Does 18 divide z?
False
Suppose k - 2256 = -5*k. Is k a multiple of 31?
False
Suppose 0 = -3*a + 2*d + 13, -3*d = a - 6*a + 22. Let u = 14 - a. Suppose 54 = 3*v - 3*y, -3*y + 2 = 2*v - u. Is v a multiple of 11?
False
Suppose 2*k = 5*k + 3*d + 3, 5*d + 11 = -2*k. Suppose 0 = 4*t + 4*x - k*x + 2, -4*x = 4. Suppose t = 3*l + 2*l - 80. Does 6 divide l?
False
Let w(f) = 5*f**2 - f - 2. Let u be w(2). Suppose 17*b - u*b - 52 = 0. Does 13 divide b?
True
Let i = -7 - -6. Let h be (-85 + i)*(-3)/6. Let s = 74 - h. Does 12 divide s?
False
Let y(l) = 3*l**2 + l - 1. Let u be y(-2). Suppose 4*z - u = 7. Is z a multiple of 4?
True
Let w be (-4 - (-6 + -1)) + -81. Let c = -52 - w. Is 12 a factor of c?
False
Suppose 0 = -21*h + 16*h + 75. Is 4 a factor of h?
False
Let a = 1 - 5. Is 9 a factor of 3/(-12) - 37/a?
True
Let j(w) = w**3 + w**2 + 1. Let a(k) = 6*k**3 + 3*k**2 - 3*k + 9. Let i(q) = a(q) - 5*j(q). Let f be i(3). 